{"id":145,"date":"2024-11-22T02:12:18","date_gmt":"2024-11-22T02:12:18","guid":{"rendered":"https:\/\/www.cosersapty.com\/?page_id=145"},"modified":"2025-01-02T19:54:47","modified_gmt":"2025-01-02T19:54:47","slug":"auditorias","status":"publish","type":"page","link":"https:\/\/www.cosersapty.com\/index.php\/auditorias\/","title":{"rendered":"Auditor\u00edas"},"content":{"rendered":"\n<p>Proceso de revisi\u00f3n cuidadosa dentro de las empresas y organizaciones para verificar el cumplimiento de los procedimientos establecidos en su gesti\u00f3n de negocio.<\/p>\n\n\n\n<p>Detalle de Auditor\u00edas que realizamos y otros servicios que ofrecemos:<\/p>\n\n\n\n<p><\/p>\n\n\n\n<p>a. Auditor\u00eda Interna<br>Es una evaluaci\u00f3n de los procesos que se dan dentro de la misma organizaci\u00f3n que tienen como objetivo el nivel de cumplimiento de la empresa respecto a sus reglas operativas, c\u00f3digos y lineamientos \u00e9ticos.<\/p>\n\n\n\n<p>b. Auditor\u00eda Externa<br>Son gestionadas por un agente independiente a la organizaci\u00f3n. Ofrecen una mayor objetividad en los resultados debido a que no existe un conflicto de inter\u00e9s y parten de marcos normativos o est\u00e1ndares ajenos a la empresa y son aceptados como par\u00e1metros de evaluaci\u00f3n tanto fuera como dentro de la organizaci\u00f3n.<\/p>\n\n\n\n<p>c. Auditor\u00eda Contable<br>Tambi\u00e9n conocidas como auditor\u00edas financieras, son procesos de evaluaci\u00f3n de la actividad econ\u00f3mica de una organizaci\u00f3n y se llevan a cabo mediante el estudio de su documentaci\u00f3n financiera, movimientos econ\u00f3micos y flujo de capital con el fin de identificar malas pr\u00e1cticas o fallas en sus sistemas de entrada y salida de dinero.<\/p>\n\n\n\n<p>d. Auditor\u00eda Legal<br>Son aquellas que buscan verificar que las organizaciones cumplen con las exigencias de la Ley, de los marcos regulatorios aplicables, ya sea que se trate de c\u00f3digos nacionales o bien est\u00e1ndares internacionales, tales como los derechos humanos.<\/p>\n\n\n\n<p>e. Auditor\u00eda Fiscal<br>Son procesos que buscan verificar e identificar problemas en el cumplimiento de las obligaciones tributarias de una empresa respecto a las exigencias de ley establecidas por las legislaciones en donde tiene actividades.<br>f. Auditor\u00eda Inform\u00e1tica<br>Tambi\u00e9n conocidas como auditor\u00edas de sistemas, son aquellas enfocadas en evaluar el funcionamiento de las herramientas digitales que usa una organizaci\u00f3n para su d\u00eda a d\u00eda con el fin de identificar fallos o bien validar que cumplen de forma eficiente con sus funciones.<\/p>\n\n\n\n<p>g. Auditor\u00eda Operativa<br>Son aquellas que persiguen la validaci\u00f3n en el cumplimiento de los procesos establecidos por las mismas organizaciones como pautas de eficiencia. Esto significa que estas auditor\u00edas est\u00e1n centradas en cotejar que las organizaciones cumplen con sus protocolos de acci\u00f3n, con los manuales de procesos y con las cadenas productivas o flujos de trabajo definidos en la buena operatividad de la compa\u00f1\u00eda.<br>h. Auditor\u00eda de Calidad<br>Son otro instrumento que permite a las empresas asegurarse de que los servicios o productos ofertados cumplen con exigencias reconocidas como est\u00e1ndares de calidad impuestos por la misma empresa o por los clientes de una compa\u00f1\u00eda.<br>i. Auditor\u00eda Ambiental<br>Es el mejor modo de saber si la compa\u00f1\u00eda cumple con las exigencias de la ley, pero tambi\u00e9n para evaluar su impacto ambiental, as\u00ed como para encontrar estrategias que lo reduzcan. Tiene como fin mantener una buena imagen empresarial y tambi\u00e9n elevar los \u00edndices de responsabilidad social de la marca.<br>j. Auditor\u00eda Forense<br>La auditor\u00eda forense, investiga, analiza, eval\u00faa, interpreta y con base en ello testifica y persuade a jueces, jurados y a otros, acerca de la informaci\u00f3n financiera sobre la cual pesa una presunci\u00f3n de delito.<br>k. Auditor\u00eda P\u00fablica o Gubernamental<br>La auditor\u00eda p\u00fablica o gubernamental es una actividad independiente y objetiva de aseguramiento y consulta que se realiza para evaluar y mejorar la eficacia de los procesos de la gesti\u00f3n de riesgos, control y gobierno, con el fin de agregar valor y mejorar las operaciones de la entidad.<\/p>\n\n\n\n<p><strong>Otros servicios que ofrecemos<\/strong><br>a. Consultor\u00edas<br>b. Asesor\u00edas<br>c. Elaboraci\u00f3n de Matrices de Riesgos y controles<\/p>\n\n\n\n<ol start=\"2\" class=\"wp-block-list\"><\/ol>\n\n\n\n<p> a. Consultor\u00edas<br>La consultor\u00eda es un servicio especializado que tiene como objetivo orientar a una empresa que est\u00e1 atravesando alg\u00fan tipo de problema espec\u00edfico y que no consigue solucionarlo por sus propios medios.<\/p>\n\n\n\n<p>b. Asesor\u00edas<br>La asesor\u00eda es un servicio profesional de informaci\u00f3n y consejo en materia especializada (jur\u00eddica, fiscal, t\u00e9cnica, cultural, laboral, contable, etc.).<\/p>\n\n\n\n<p>c. Elaboraci\u00f3n de matrices de riesgos y controles<br>Herramienta que permite evaluar el riesgo inherente y residual de los procesos de una entidad. Sirve como elemento de monitoreo para una adecuada administraci\u00f3n de los riesgos que impactan los objetivos de la organizaci\u00f3n.<\/p>\n\n\n\n<figure class=\"wp-block-image alignright size-full is-resized\"><a href=\"\/#servicios\"><img loading=\"lazy\" decoding=\"async\" width=\"140\" height=\"110\" src=\"https:\/\/www.cosersapty.com\/wp-content\/uploads\/2024\/12\/FlechaArriba.png\" alt=\"\" class=\"wp-image-338\" style=\"width:43px;height:auto\"\/><\/a><\/figure>\n\n\n\n<p><\/p>\n","protected":false},"excerpt":{"rendered":"<p>Proceso de revisi\u00f3n cuidadosa dentro de las empresas y organizaciones para verificar el cumplimiento de los procedimientos establecidos en su gesti\u00f3n de negocio. Detalle de Auditor\u00edas que realizamos y otros servicios que ofrecemos: a. Auditor\u00eda InternaEs una evaluaci\u00f3n de los procesos que se dan dentro de la misma organizaci\u00f3n que tienen como objetivo el nivel [&hellip;]<\/p>\n","protected":false},"author":1,"featured_media":0,"parent":0,"menu_order":0,"comment_status":"closed","ping_status":"closed","template":"","meta":{"footnotes":""},"class_list":["post-145","page","type-page","status-publish","hentry"],"yoast_head":"<!-- This site is optimized with the Yoast SEO plugin v27.2 - https:\/\/yoast.com\/product\/yoast-seo-wordpress\/ -->\r\n<title>Auditor\u00edas - Conceptos de Seguridad y Riesgos<\/title>\r\n<meta name=\"robots\" content=\"index, follow, max-snippet:-1, max-image-preview:large, max-video-preview:-1\" \/>\r\n<link rel=\"canonical\" href=\"https:\/\/www.cosersapty.com\/index.php\/auditorias\/\" \/>\r\n<meta property=\"og:locale\" content=\"es_MX\" \/>\r\n<meta property=\"og:type\" content=\"article\" \/>\r\n<meta property=\"og:title\" content=\"Auditor\u00edas - Conceptos de Seguridad y Riesgos\" \/>\r\n<meta property=\"og:description\" content=\"Proceso de revisi\u00f3n cuidadosa dentro de las empresas y organizaciones para verificar el cumplimiento de los procedimientos establecidos en su gesti\u00f3n de negocio. Detalle de Auditor\u00edas que realizamos y otros servicios que ofrecemos: a. Auditor\u00eda InternaEs una evaluaci\u00f3n de los procesos que se dan dentro de la misma organizaci\u00f3n que tienen como objetivo el nivel [&hellip;]\" \/>\r\n<meta property=\"og:url\" content=\"https:\/\/www.cosersapty.com\/index.php\/auditorias\/\" \/>\r\n<meta property=\"og:site_name\" content=\"Conceptos de Seguridad y Riesgos\" \/>\r\n<meta property=\"article:modified_time\" content=\"2025-01-02T19:54:47+00:00\" \/>\r\n<meta property=\"og:image\" content=\"https:\/\/www.cosersapty.com\/wp-content\/uploads\/2024\/12\/FlechaArriba.png\" \/>\r\n\t<meta property=\"og:image:width\" content=\"140\" \/>\r\n\t<meta property=\"og:image:height\" content=\"110\" \/>\r\n\t<meta property=\"og:image:type\" content=\"image\/png\" \/>\r\n<meta name=\"twitter:card\" content=\"summary_large_image\" \/>\r\n<meta name=\"twitter:label1\" content=\"Tiempo de lectura\" \/>\n\t<meta name=\"twitter:data1\" content=\"4 minutos\" \/>\r\n<script type=\"application\/ld+json\" class=\"yoast-schema-graph\">{\"@context\":\"https:\/\/schema.org\",\"@graph\":[{\"@type\":\"WebPage\",\"@id\":\"https:\/\/www.cosersapty.com\/index.php\/auditorias\/\",\"url\":\"https:\/\/www.cosersapty.com\/index.php\/auditorias\/\",\"name\":\"Auditor\u00edas - Conceptos de Seguridad y Riesgos\",\"isPartOf\":{\"@id\":\"https:\/\/www.cosersapty.com\/#website\"},\"primaryImageOfPage\":{\"@id\":\"https:\/\/www.cosersapty.com\/index.php\/auditorias\/#primaryimage\"},\"image\":{\"@id\":\"https:\/\/www.cosersapty.com\/index.php\/auditorias\/#primaryimage\"},\"thumbnailUrl\":\"https:\/\/www.cosersapty.com\/wp-content\/uploads\/2024\/12\/FlechaArriba.png\",\"datePublished\":\"2024-11-22T02:12:18+00:00\",\"dateModified\":\"2025-01-02T19:54:47+00:00\",\"breadcrumb\":{\"@id\":\"https:\/\/www.cosersapty.com\/index.php\/auditorias\/#breadcrumb\"},\"inLanguage\":\"es\",\"potentialAction\":[{\"@type\":\"ReadAction\",\"target\":[\"https:\/\/www.cosersapty.com\/index.php\/auditorias\/\"]}]},{\"@type\":\"ImageObject\",\"inLanguage\":\"es\",\"@id\":\"https:\/\/www.cosersapty.com\/index.php\/auditorias\/#primaryimage\",\"url\":\"https:\/\/www.cosersapty.com\/wp-content\/uploads\/2024\/12\/FlechaArriba.png\",\"contentUrl\":\"https:\/\/www.cosersapty.com\/wp-content\/uploads\/2024\/12\/FlechaArriba.png\",\"width\":140,\"height\":110},{\"@type\":\"BreadcrumbList\",\"@id\":\"https:\/\/www.cosersapty.com\/index.php\/auditorias\/#breadcrumb\",\"itemListElement\":[{\"@type\":\"ListItem\",\"position\":1,\"name\":\"Inicio\",\"item\":\"https:\/\/www.cosersapty.com\/\"},{\"@type\":\"ListItem\",\"position\":2,\"name\":\"Auditor\u00edas\"}]},{\"@type\":\"WebSite\",\"@id\":\"https:\/\/www.cosersapty.com\/#website\",\"url\":\"https:\/\/www.cosersapty.com\/\",\"name\":\"Conceptos de Seguridad y Riesgos\",\"description\":\"\",\"potentialAction\":[{\"@type\":\"SearchAction\",\"target\":{\"@type\":\"EntryPoint\",\"urlTemplate\":\"https:\/\/www.cosersapty.com\/?s={search_term_string}\"},\"query-input\":{\"@type\":\"PropertyValueSpecification\",\"valueRequired\":true,\"valueName\":\"search_term_string\"}}],\"inLanguage\":\"es\"}]}<\/script>\r\n<!-- \/ Yoast SEO plugin. -->","yoast_head_json":{"title":"Auditor\u00edas - Conceptos de Seguridad y Riesgos","robots":{"index":"index","follow":"follow","max-snippet":"max-snippet:-1","max-image-preview":"max-image-preview:large","max-video-preview":"max-video-preview:-1"},"canonical":"https:\/\/www.cosersapty.com\/index.php\/auditorias\/","og_locale":"es_MX","og_type":"article","og_title":"Auditor\u00edas - Conceptos de Seguridad y Riesgos","og_description":"Proceso de revisi\u00f3n cuidadosa dentro de las empresas y organizaciones para verificar el cumplimiento de los procedimientos establecidos en su gesti\u00f3n de negocio. Detalle de Auditor\u00edas que realizamos y otros servicios que ofrecemos: a. Auditor\u00eda InternaEs una evaluaci\u00f3n de los procesos que se dan dentro de la misma organizaci\u00f3n que tienen como objetivo el nivel [&hellip;]","og_url":"https:\/\/www.cosersapty.com\/index.php\/auditorias\/","og_site_name":"Conceptos de Seguridad y Riesgos","article_modified_time":"2025-01-02T19:54:47+00:00","og_image":[{"width":140,"height":110,"url":"https:\/\/www.cosersapty.com\/wp-content\/uploads\/2024\/12\/FlechaArriba.png","type":"image\/png"}],"twitter_card":"summary_large_image","twitter_misc":{"Tiempo de lectura":"4 minutos"},"schema":{"@context":"https:\/\/schema.org","@graph":[{"@type":"WebPage","@id":"https:\/\/www.cosersapty.com\/index.php\/auditorias\/","url":"https:\/\/www.cosersapty.com\/index.php\/auditorias\/","name":"Auditor\u00edas - Conceptos de Seguridad y Riesgos","isPartOf":{"@id":"https:\/\/www.cosersapty.com\/#website"},"primaryImageOfPage":{"@id":"https:\/\/www.cosersapty.com\/index.php\/auditorias\/#primaryimage"},"image":{"@id":"https:\/\/www.cosersapty.com\/index.php\/auditorias\/#primaryimage"},"thumbnailUrl":"https:\/\/www.cosersapty.com\/wp-content\/uploads\/2024\/12\/FlechaArriba.png","datePublished":"2024-11-22T02:12:18+00:00","dateModified":"2025-01-02T19:54:47+00:00","breadcrumb":{"@id":"https:\/\/www.cosersapty.com\/index.php\/auditorias\/#breadcrumb"},"inLanguage":"es","potentialAction":[{"@type":"ReadAction","target":["https:\/\/www.cosersapty.com\/index.php\/auditorias\/"]}]},{"@type":"ImageObject","inLanguage":"es","@id":"https:\/\/www.cosersapty.com\/index.php\/auditorias\/#primaryimage","url":"https:\/\/www.cosersapty.com\/wp-content\/uploads\/2024\/12\/FlechaArriba.png","contentUrl":"https:\/\/www.cosersapty.com\/wp-content\/uploads\/2024\/12\/FlechaArriba.png","width":140,"height":110},{"@type":"BreadcrumbList","@id":"https:\/\/www.cosersapty.com\/index.php\/auditorias\/#breadcrumb","itemListElement":[{"@type":"ListItem","position":1,"name":"Inicio","item":"https:\/\/www.cosersapty.com\/"},{"@type":"ListItem","position":2,"name":"Auditor\u00edas"}]},{"@type":"WebSite","@id":"https:\/\/www.cosersapty.com\/#website","url":"https:\/\/www.cosersapty.com\/","name":"Conceptos de Seguridad y Riesgos","description":"","potentialAction":[{"@type":"SearchAction","target":{"@type":"EntryPoint","urlTemplate":"https:\/\/www.cosersapty.com\/?s={search_term_string}"},"query-input":{"@type":"PropertyValueSpecification","valueRequired":true,"valueName":"search_term_string"}}],"inLanguage":"es"}]}},"_links":{"self":[{"href":"https:\/\/www.cosersapty.com\/index.php\/wp-json\/wp\/v2\/pages\/145","targetHints":{"allow":["GET"]}}],"collection":[{"href":"https:\/\/www.cosersapty.com\/index.php\/wp-json\/wp\/v2\/pages"}],"about":[{"href":"https:\/\/www.cosersapty.com\/index.php\/wp-json\/wp\/v2\/types\/page"}],"author":[{"embeddable":true,"href":"https:\/\/www.cosersapty.com\/index.php\/wp-json\/wp\/v2\/users\/1"}],"replies":[{"embeddable":true,"href":"https:\/\/www.cosersapty.com\/index.php\/wp-json\/wp\/v2\/comments?post=145"}],"version-history":[{"count":14,"href":"https:\/\/www.cosersapty.com\/index.php\/wp-json\/wp\/v2\/pages\/145\/revisions"}],"predecessor-version":[{"id":369,"href":"https:\/\/www.cosersapty.com\/index.php\/wp-json\/wp\/v2\/pages\/145\/revisions\/369"}],"wp:attachment":[{"href":"https:\/\/www.cosersapty.com\/index.php\/wp-json\/wp\/v2\/media?parent=145"}],"curies":[{"name":"wp","href":"https:\/\/api.w.org\/{rel}","templated":true}]}}