{"id":103,"date":"2024-11-18T01:06:49","date_gmt":"2024-11-18T01:06:49","guid":{"rendered":"https:\/\/www.cosersapty.com\/?page_id=103"},"modified":"2024-12-12T23:21:05","modified_gmt":"2024-12-12T23:21:05","slug":"alexis-vargas-azcarraga","status":"publish","type":"page","link":"https:\/\/www.cosersapty.com\/index.php\/alexis-vargas-azcarraga\/","title":{"rendered":"Alexis Vargas Azcarraga"},"content":{"rendered":"\n<p><strong>Socio Auditor<\/strong><\/p>\n\n\n\n<div class=\"wp-block-columns is-layout-flex wp-container-core-columns-is-layout-28f84493 wp-block-columns-is-layout-flex\">\n<div class=\"wp-block-column is-layout-flow wp-block-column-is-layout-flow\">\n<figure class=\"wp-block-image size-large is-resized\"><img loading=\"lazy\" decoding=\"async\" width=\"859\" height=\"1024\" src=\"https:\/\/www.cosersapty.com\/wp-content\/uploads\/2024\/12\/Alexis-859x1024.jpeg\" alt=\"\" class=\"wp-image-348\" style=\"width:450px\" srcset=\"https:\/\/www.cosersapty.com\/wp-content\/uploads\/2024\/12\/Alexis-859x1024.jpeg 859w, https:\/\/www.cosersapty.com\/wp-content\/uploads\/2024\/12\/Alexis-252x300.jpeg 252w, https:\/\/www.cosersapty.com\/wp-content\/uploads\/2024\/12\/Alexis-768x916.jpeg 768w, https:\/\/www.cosersapty.com\/wp-content\/uploads\/2024\/12\/Alexis.jpeg 1179w\" sizes=\"auto, (max-width: 859px) 100vw, 859px\" \/><\/figure>\n\n\n\n<p><strong>Correo:<\/strong> <a href=\"mailto:avargas@cosersapty.com\">avargas@cosersapty.com<\/a><\/p>\n<\/div>\n\n\n\n<div class=\"wp-block-column is-layout-flow wp-block-column-is-layout-flow\">\n<p><strong>Experiencia General<\/strong><\/p>\n\n\n\n<ul class=\"wp-block-list\">\n<li>Alexis cuenta con m\u00e1s de 30 a\u00f1os de experiencia en las \u00e1reas de auditor\u00eda, control interno, contabilidad, operaciones, riesgo y cumplimiento, con experiencia a nivel corporativo en la banca local y regional.<\/li>\n<\/ul>\n\n\n\n<p><strong>Experiencia Espec\u00edfica<\/strong><\/p>\n\n\n\n<ul class=\"wp-block-list\">\n<li>Ha ocupado posiciones ejecutivas en entidades p\u00fablicas y privadas (Banco del Comercio, Banistmo, HSBC Bank Panam\u00e1, Banco Nacional de Panam\u00e1)<\/li>\n<\/ul>\n\n\n\n<p><strong>Certificaciones<\/strong><\/p>\n\n\n\n<ul class=\"wp-block-list\">\n<li>Seminario de Gobierno, Riesgo y Control (Instituto de Auditores Internos de Panam\u00e1)<\/li>\n\n\n\n<li>Congreso Latinoamericano de Auditor\u00eda Interna y Administraci\u00f3n de Riesgos (FELABAN)<\/li>\n\n\n\n<li>Congreso Hemisf\u00e9rico sobre Prevenci\u00f3n del Blanqueo de Capitales, Financiamiento del Terrorismo y de la Proliferaci\u00f3n de Armas de Destrucci\u00f3n Masiva (ABP)<\/li>\n\n\n\n<li>Contador P\u00fablico Autorizado (CPA)<\/li>\n<\/ul>\n<\/div>\n<\/div>\n\n\n\n<figure class=\"wp-block-image alignright size-full is-resized\"><a href=\"\/#elequipo\"><img loading=\"lazy\" decoding=\"async\" width=\"140\" height=\"110\" src=\"https:\/\/www.cosersapty.com\/wp-content\/uploads\/2024\/12\/FlechaArriba.png\" alt=\"\" class=\"wp-image-338\" style=\"width:61px;height:auto\"\/><\/a><\/figure>\n\n\n\n<p><\/p>\n","protected":false},"excerpt":{"rendered":"<p>Socio Auditor Correo: avargas@cosersapty.com Experiencia General Experiencia Espec\u00edfica Certificaciones<\/p>\n","protected":false},"author":1,"featured_media":0,"parent":0,"menu_order":0,"comment_status":"closed","ping_status":"closed","template":"","meta":{"footnotes":""},"class_list":["post-103","page","type-page","status-publish","hentry"],"yoast_head":"<!-- This site is optimized with the Yoast SEO plugin v27.2 - https:\/\/yoast.com\/product\/yoast-seo-wordpress\/ -->\r\n<title>Alexis Vargas Azcarraga - Conceptos de Seguridad y Riesgos<\/title>\r\n<meta name=\"robots\" content=\"index, follow, max-snippet:-1, max-image-preview:large, max-video-preview:-1\" \/>\r\n<link rel=\"canonical\" href=\"https:\/\/www.cosersapty.com\/index.php\/alexis-vargas-azcarraga\/\" \/>\r\n<meta property=\"og:locale\" content=\"es_MX\" \/>\r\n<meta property=\"og:type\" content=\"article\" \/>\r\n<meta property=\"og:title\" content=\"Alexis Vargas Azcarraga - Conceptos de Seguridad y Riesgos\" \/>\r\n<meta property=\"og:description\" content=\"Socio Auditor Correo: avargas@cosersapty.com Experiencia General Experiencia Espec\u00edfica Certificaciones\" \/>\r\n<meta property=\"og:url\" content=\"https:\/\/www.cosersapty.com\/index.php\/alexis-vargas-azcarraga\/\" \/>\r\n<meta property=\"og:site_name\" content=\"Conceptos de Seguridad y Riesgos\" \/>\r\n<meta property=\"article:modified_time\" content=\"2024-12-12T23:21:05+00:00\" \/>\r\n<meta property=\"og:image\" content=\"https:\/\/www.cosersapty.com\/wp-content\/uploads\/2024\/12\/Alexis.jpeg\" \/>\r\n\t<meta property=\"og:image:width\" content=\"1179\" \/>\r\n\t<meta property=\"og:image:height\" content=\"1406\" \/>\r\n\t<meta property=\"og:image:type\" content=\"image\/jpeg\" \/>\r\n<meta name=\"twitter:card\" content=\"summary_large_image\" \/>\r\n<meta name=\"twitter:label1\" content=\"Tiempo de lectura\" \/>\n\t<meta name=\"twitter:data1\" content=\"1 minuto\" \/>\r\n<script type=\"application\/ld+json\" class=\"yoast-schema-graph\">{\"@context\":\"https:\/\/schema.org\",\"@graph\":[{\"@type\":\"WebPage\",\"@id\":\"https:\/\/www.cosersapty.com\/index.php\/alexis-vargas-azcarraga\/\",\"url\":\"https:\/\/www.cosersapty.com\/index.php\/alexis-vargas-azcarraga\/\",\"name\":\"Alexis Vargas Azcarraga - Conceptos de Seguridad y Riesgos\",\"isPartOf\":{\"@id\":\"https:\/\/www.cosersapty.com\/#website\"},\"primaryImageOfPage\":{\"@id\":\"https:\/\/www.cosersapty.com\/index.php\/alexis-vargas-azcarraga\/#primaryimage\"},\"image\":{\"@id\":\"https:\/\/www.cosersapty.com\/index.php\/alexis-vargas-azcarraga\/#primaryimage\"},\"thumbnailUrl\":\"https:\/\/www.cosersapty.com\/wp-content\/uploads\/2024\/12\/Alexis-859x1024.jpeg\",\"datePublished\":\"2024-11-18T01:06:49+00:00\",\"dateModified\":\"2024-12-12T23:21:05+00:00\",\"breadcrumb\":{\"@id\":\"https:\/\/www.cosersapty.com\/index.php\/alexis-vargas-azcarraga\/#breadcrumb\"},\"inLanguage\":\"es\",\"potentialAction\":[{\"@type\":\"ReadAction\",\"target\":[\"https:\/\/www.cosersapty.com\/index.php\/alexis-vargas-azcarraga\/\"]}]},{\"@type\":\"ImageObject\",\"inLanguage\":\"es\",\"@id\":\"https:\/\/www.cosersapty.com\/index.php\/alexis-vargas-azcarraga\/#primaryimage\",\"url\":\"https:\/\/www.cosersapty.com\/wp-content\/uploads\/2024\/12\/Alexis.jpeg\",\"contentUrl\":\"https:\/\/www.cosersapty.com\/wp-content\/uploads\/2024\/12\/Alexis.jpeg\",\"width\":1179,\"height\":1406},{\"@type\":\"BreadcrumbList\",\"@id\":\"https:\/\/www.cosersapty.com\/index.php\/alexis-vargas-azcarraga\/#breadcrumb\",\"itemListElement\":[{\"@type\":\"ListItem\",\"position\":1,\"name\":\"Inicio\",\"item\":\"https:\/\/www.cosersapty.com\/\"},{\"@type\":\"ListItem\",\"position\":2,\"name\":\"Alexis Vargas Azcarraga\"}]},{\"@type\":\"WebSite\",\"@id\":\"https:\/\/www.cosersapty.com\/#website\",\"url\":\"https:\/\/www.cosersapty.com\/\",\"name\":\"Conceptos de Seguridad y Riesgos\",\"description\":\"\",\"potentialAction\":[{\"@type\":\"SearchAction\",\"target\":{\"@type\":\"EntryPoint\",\"urlTemplate\":\"https:\/\/www.cosersapty.com\/?s={search_term_string}\"},\"query-input\":{\"@type\":\"PropertyValueSpecification\",\"valueRequired\":true,\"valueName\":\"search_term_string\"}}],\"inLanguage\":\"es\"}]}<\/script>\r\n<!-- \/ Yoast SEO plugin. -->","yoast_head_json":{"title":"Alexis Vargas Azcarraga - Conceptos de Seguridad y Riesgos","robots":{"index":"index","follow":"follow","max-snippet":"max-snippet:-1","max-image-preview":"max-image-preview:large","max-video-preview":"max-video-preview:-1"},"canonical":"https:\/\/www.cosersapty.com\/index.php\/alexis-vargas-azcarraga\/","og_locale":"es_MX","og_type":"article","og_title":"Alexis Vargas Azcarraga - Conceptos de Seguridad y Riesgos","og_description":"Socio Auditor Correo: avargas@cosersapty.com Experiencia General Experiencia Espec\u00edfica Certificaciones","og_url":"https:\/\/www.cosersapty.com\/index.php\/alexis-vargas-azcarraga\/","og_site_name":"Conceptos de Seguridad y Riesgos","article_modified_time":"2024-12-12T23:21:05+00:00","og_image":[{"width":1179,"height":1406,"url":"https:\/\/www.cosersapty.com\/wp-content\/uploads\/2024\/12\/Alexis.jpeg","type":"image\/jpeg"}],"twitter_card":"summary_large_image","twitter_misc":{"Tiempo de lectura":"1 minuto"},"schema":{"@context":"https:\/\/schema.org","@graph":[{"@type":"WebPage","@id":"https:\/\/www.cosersapty.com\/index.php\/alexis-vargas-azcarraga\/","url":"https:\/\/www.cosersapty.com\/index.php\/alexis-vargas-azcarraga\/","name":"Alexis Vargas Azcarraga - Conceptos de Seguridad y Riesgos","isPartOf":{"@id":"https:\/\/www.cosersapty.com\/#website"},"primaryImageOfPage":{"@id":"https:\/\/www.cosersapty.com\/index.php\/alexis-vargas-azcarraga\/#primaryimage"},"image":{"@id":"https:\/\/www.cosersapty.com\/index.php\/alexis-vargas-azcarraga\/#primaryimage"},"thumbnailUrl":"https:\/\/www.cosersapty.com\/wp-content\/uploads\/2024\/12\/Alexis-859x1024.jpeg","datePublished":"2024-11-18T01:06:49+00:00","dateModified":"2024-12-12T23:21:05+00:00","breadcrumb":{"@id":"https:\/\/www.cosersapty.com\/index.php\/alexis-vargas-azcarraga\/#breadcrumb"},"inLanguage":"es","potentialAction":[{"@type":"ReadAction","target":["https:\/\/www.cosersapty.com\/index.php\/alexis-vargas-azcarraga\/"]}]},{"@type":"ImageObject","inLanguage":"es","@id":"https:\/\/www.cosersapty.com\/index.php\/alexis-vargas-azcarraga\/#primaryimage","url":"https:\/\/www.cosersapty.com\/wp-content\/uploads\/2024\/12\/Alexis.jpeg","contentUrl":"https:\/\/www.cosersapty.com\/wp-content\/uploads\/2024\/12\/Alexis.jpeg","width":1179,"height":1406},{"@type":"BreadcrumbList","@id":"https:\/\/www.cosersapty.com\/index.php\/alexis-vargas-azcarraga\/#breadcrumb","itemListElement":[{"@type":"ListItem","position":1,"name":"Inicio","item":"https:\/\/www.cosersapty.com\/"},{"@type":"ListItem","position":2,"name":"Alexis Vargas Azcarraga"}]},{"@type":"WebSite","@id":"https:\/\/www.cosersapty.com\/#website","url":"https:\/\/www.cosersapty.com\/","name":"Conceptos de Seguridad y Riesgos","description":"","potentialAction":[{"@type":"SearchAction","target":{"@type":"EntryPoint","urlTemplate":"https:\/\/www.cosersapty.com\/?s={search_term_string}"},"query-input":{"@type":"PropertyValueSpecification","valueRequired":true,"valueName":"search_term_string"}}],"inLanguage":"es"}]}},"_links":{"self":[{"href":"https:\/\/www.cosersapty.com\/index.php\/wp-json\/wp\/v2\/pages\/103","targetHints":{"allow":["GET"]}}],"collection":[{"href":"https:\/\/www.cosersapty.com\/index.php\/wp-json\/wp\/v2\/pages"}],"about":[{"href":"https:\/\/www.cosersapty.com\/index.php\/wp-json\/wp\/v2\/types\/page"}],"author":[{"embeddable":true,"href":"https:\/\/www.cosersapty.com\/index.php\/wp-json\/wp\/v2\/users\/1"}],"replies":[{"embeddable":true,"href":"https:\/\/www.cosersapty.com\/index.php\/wp-json\/wp\/v2\/comments?post=103"}],"version-history":[{"count":12,"href":"https:\/\/www.cosersapty.com\/index.php\/wp-json\/wp\/v2\/pages\/103\/revisions"}],"predecessor-version":[{"id":349,"href":"https:\/\/www.cosersapty.com\/index.php\/wp-json\/wp\/v2\/pages\/103\/revisions\/349"}],"wp:attachment":[{"href":"https:\/\/www.cosersapty.com\/index.php\/wp-json\/wp\/v2\/media?parent=103"}],"curies":[{"name":"wp","href":"https:\/\/api.w.org\/{rel}","templated":true}]}}